{"id":9330,"date":"2026-01-26T00:40:54","date_gmt":"2026-01-25T23:40:54","guid":{"rendered":"https:\/\/trendkidsalgerie.com\/?post_type=product&#038;p=9330"},"modified":"2026-01-26T00:40:54","modified_gmt":"2026-01-25T23:40:54","slug":"robe-bebe-fille-32","status":"publish","type":"product","link":"https:\/\/trendkidsalgerie.com\/index.php\/produit\/robe-bebe-fille-32\/","title":{"rendered":"Robe b\u00e9b\u00e9 fille"},"content":{"rendered":"<p>Tissu l\u00e9ger et agr\u00e9able \u00e0 porter<\/p>\n<p>Imprim\u00e9 floral d\u00e9licat aux tons subtils<\/p>\n<p>Col arrondi raffin\u00e9<\/p>\n<p>Coupe ajust\u00e9e et fluide<\/p>\n<p>Gilet rose poudr\u00e9 en maille douce soigneusement cordonn\u00e9<\/p>\n<p>parfaite pour les occasions sp\u00e9ciales, les f\u00eates familiales et c\u00e9l\u00e9bration.<\/p>\n","protected":false},"excerpt":{"rendered":"<p>L&rsquo;\u00e9l\u00e9gance en toute douceur pour les plus beaux moments<\/p>\n<p>Une robe d\u00e9licatement fleuris, sublim\u00e9e par son gilet assorti, pour une allure chic et tendre \u00e0 la fois.<\/p>\n","protected":false},"featured_media":9340,"comment_status":"open","ping_status":"closed","template":"","meta":[],"product_brand":[],"product_cat":[53,681,29,82,76,55,248,301,213,309,268,297,250],"product_tag":[],"class_list":{"0":"post-9330","1":"product","2":"type-product","3":"status-publish","4":"has-post-thumbnail","6":"product_cat-bebe-fr","7":"product_cat-gilet","8":"product_cat-best-seller-fr","9":"product_cat-robe-fr","10":"product_cat-vetements-fr","11":"product_cat-vetements-bebe-fillette-fr","12":"product_cat-248","13":"product_cat-301","14":"product_cat-213","15":"product_cat-309","16":"product_cat-268","17":"product_cat-297","18":"product_cat-250","19":"pa_couleur-rose","20":"pa_taille-09-mois","21":"pa_taille-12-mois","22":"pa_taille-18-mois","23":"pa_taille-24-mois","25":"first","26":"instock","27":"taxable","28":"shipping-taxable","29":"purchasable","30":"product-type-variable"},"_links":{"self":[{"href":"https:\/\/trendkidsalgerie.com\/index.php\/wp-json\/wp\/v2\/product\/9330","targetHints":{"allow":["GET"]}}],"collection":[{"href":"https:\/\/trendkidsalgerie.com\/index.php\/wp-json\/wp\/v2\/product"}],"about":[{"href":"https:\/\/trendkidsalgerie.com\/index.php\/wp-json\/wp\/v2\/types\/product"}],"replies":[{"embeddable":true,"href":"https:\/\/trendkidsalgerie.com\/index.php\/wp-json\/wp\/v2\/comments?post=9330"}],"version-history":[{"count":1,"href":"https:\/\/trendkidsalgerie.com\/index.php\/wp-json\/wp\/v2\/product\/9330\/revisions"}],"predecessor-version":[{"id":9344,"href":"https:\/\/trendkidsalgerie.com\/index.php\/wp-json\/wp\/v2\/product\/9330\/revisions\/9344"}],"wp:featuredmedia":[{"embeddable":true,"href":"https:\/\/trendkidsalgerie.com\/index.php\/wp-json\/wp\/v2\/media\/9340"}],"wp:attachment":[{"href":"https:\/\/trendkidsalgerie.com\/index.php\/wp-json\/wp\/v2\/media?parent=9330"}],"wp:term":[{"taxonomy":"product_brand","embeddable":true,"href":"https:\/\/trendkidsalgerie.com\/index.php\/wp-json\/wp\/v2\/product_brand?post=9330"},{"taxonomy":"product_cat","embeddable":true,"href":"https:\/\/trendkidsalgerie.com\/index.php\/wp-json\/wp\/v2\/product_cat?post=9330"},{"taxonomy":"product_tag","embeddable":true,"href":"https:\/\/trendkidsalgerie.com\/index.php\/wp-json\/wp\/v2\/product_tag?post=9330"}],"curies":[{"name":"wp","href":"https:\/\/api.w.org\/{rel}","templated":true}]}}