{"id":8878,"date":"2026-01-24T15:44:38","date_gmt":"2026-01-24T14:44:38","guid":{"rendered":"https:\/\/trendkidsalgerie.com\/?post_type=product&#038;p=8878"},"modified":"2026-02-18T12:03:22","modified_gmt":"2026-02-18T11:03:22","slug":"robe-enfant-fille-3","status":"publish","type":"product","link":"https:\/\/trendkidsalgerie.com\/index.php\/produit\/robe-enfant-fille-3\/","title":{"rendered":"Robe enfant fille"},"content":{"rendered":"<p>Voile l\u00e9ger et a\u00e9rien,<\/p>\n<p>Imprim\u00e9 floral doux et \u00e9l\u00e9gant,<\/p>\n<p>Coupe ample et fluide pour une libert\u00e9 de mouvement totale,<\/p>\n<p>Manches longues transparentes, resserr\u00e9es aux poignets par de fins volants d\u00e9licats,<\/p>\n<p>Jupe est sublim\u00e9 par un volant fronc\u00e9 en bas,<\/p>\n<p>Doublure int\u00e9gr\u00e9e pour plus de confort.<\/p>\n<p>Parfaite pour les c\u00e9r\u00e9monies, l&rsquo;Eid, les f\u00eates, anniversaires ou sorties \u00e9l\u00e9gantes, cette robe incarne l&rsquo;esprit de la collection, douceur, \u00e9l\u00e9gance et f\u00e9minit\u00e9 intemporelle.<\/p>\n<p>&nbsp;<\/p>\n","protected":false},"excerpt":{"rendered":"<p>Sublime robe enfant fille, s\u00e9duit par son allure d\u00e9licate et son esprit r\u00e9solument po\u00e9tique. R\u00e9alis\u00e9e dans un voile l\u00e9ger et vaporeux, cette robe se distingue par son imprim\u00e9 floral pastel, subtilement d\u00e9clin\u00e9 dans des tons doux de rose et vert sur fond ivoire. La coupe ample et fluide, le col fronc\u00e9 d\u00e9licatement volant\u00e9, les manches longues transparentes, et la jupe sublim\u00e9e par un volant fronc\u00e9 en bas, renforcent l&rsquo;effet l\u00e9ger et f\u00e9erique de la robe. Une pi\u00e8ce coup de coeur qui fait r\u00eaver et illumine chaque instant.<\/p>\n","protected":false},"featured_media":8911,"comment_status":"open","ping_status":"closed","template":"","meta":[],"product_brand":[],"product_cat":[56,58,29,82,502,76,262,248,270,309,268,297],"product_tag":[],"class_list":{"0":"post-8878","1":"product","2":"type-product","3":"status-publish","4":"has-post-thumbnail","6":"product_cat-enfant-fr","7":"product_cat-enfant-fillette-fr","8":"product_cat-best-seller-fr","9":"product_cat-robe-fr","10":"product_cat-robe-enfant-fillette-enfant-fillette-fr","11":"product_cat-vetements-fr","12":"product_cat-262","13":"product_cat-248","14":"product_cat-270","15":"product_cat-309","16":"product_cat-268","17":"product_cat-297","18":"pa_couleur-rose","19":"pa_taille-02-ans","20":"pa_taille-03-ans","21":"pa_taille-04-ans","22":"pa_taille-05-ans","23":"pa_taille-06-ans","24":"pa_taille-07-ans","25":"pa_taille-08-ans-2","26":"pa_taille-09-ans-2","27":"pa_taille-10-ans-2","29":"first","30":"instock","31":"taxable","32":"shipping-taxable","33":"purchasable","34":"product-type-variable"},"_links":{"self":[{"href":"https:\/\/trendkidsalgerie.com\/index.php\/wp-json\/wp\/v2\/product\/8878","targetHints":{"allow":["GET"]}}],"collection":[{"href":"https:\/\/trendkidsalgerie.com\/index.php\/wp-json\/wp\/v2\/product"}],"about":[{"href":"https:\/\/trendkidsalgerie.com\/index.php\/wp-json\/wp\/v2\/types\/product"}],"replies":[{"embeddable":true,"href":"https:\/\/trendkidsalgerie.com\/index.php\/wp-json\/wp\/v2\/comments?post=8878"}],"version-history":[{"count":2,"href":"https:\/\/trendkidsalgerie.com\/index.php\/wp-json\/wp\/v2\/product\/8878\/revisions"}],"predecessor-version":[{"id":8899,"href":"https:\/\/trendkidsalgerie.com\/index.php\/wp-json\/wp\/v2\/product\/8878\/revisions\/8899"}],"wp:featuredmedia":[{"embeddable":true,"href":"https:\/\/trendkidsalgerie.com\/index.php\/wp-json\/wp\/v2\/media\/8911"}],"wp:attachment":[{"href":"https:\/\/trendkidsalgerie.com\/index.php\/wp-json\/wp\/v2\/media?parent=8878"}],"wp:term":[{"taxonomy":"product_brand","embeddable":true,"href":"https:\/\/trendkidsalgerie.com\/index.php\/wp-json\/wp\/v2\/product_brand?post=8878"},{"taxonomy":"product_cat","embeddable":true,"href":"https:\/\/trendkidsalgerie.com\/index.php\/wp-json\/wp\/v2\/product_cat?post=8878"},{"taxonomy":"product_tag","embeddable":true,"href":"https:\/\/trendkidsalgerie.com\/index.php\/wp-json\/wp\/v2\/product_tag?post=8878"}],"curies":[{"name":"wp","href":"https:\/\/api.w.org\/{rel}","templated":true}]}}