{"id":8664,"date":"2026-01-19T22:54:10","date_gmt":"2026-01-19T21:54:10","guid":{"rendered":"https:\/\/trendkidsalgerie.com\/?post_type=product&#038;p=8664"},"modified":"2026-01-19T22:54:25","modified_gmt":"2026-01-19T21:54:25","slug":"ensemble-enfant-fille-9","status":"publish","type":"product","link":"https:\/\/trendkidsalgerie.com\/index.php\/produit\/ensemble-enfant-fille-9\/","title":{"rendered":"Ensemble enfant fille"},"content":{"rendered":"","protected":false},"excerpt":{"rendered":"<p>Zoom sur cet ensemble enfant fille compos\u00e9 d&rsquo;un pull \u00e0 manches longues, sublim\u00e9 par trois boutons d\u00e9coratifs sur le cot\u00e9, et d&rsquo;une jupe l\u00e9g\u00e8rement \u00e9vas\u00e9e pour une silhouette \u00e9l\u00e9gante et harmonieuse.<\/p>\n","protected":false},"featured_media":8673,"comment_status":"open","ping_status":"closed","template":"","meta":[],"product_brand":[],"product_cat":[56,58,78,65,667,634,76,299,305,264,270,297],"product_tag":[],"class_list":{"0":"post-8664","1":"product","2":"type-product","3":"status-publish","4":"has-post-thumbnail","6":"product_cat-enfant-fr","7":"product_cat-enfant-fillette-fr","8":"product_cat-ensemble-fr","9":"product_cat-ensemble-enfant-fillette-fr","10":"product_cat-jupe","11":"product_cat-pull-fr-vetements-fr-39","12":"product_cat-vetements-fr","13":"product_cat-299","14":"product_cat-305","15":"product_cat-264","16":"product_cat-270","17":"product_cat-297","18":"pa_couleur-marron","19":"pa_couleur-rose","20":"pa_taille-06-ans","21":"pa_taille-07-ans","22":"pa_taille-08-ans-2","23":"pa_taille-09-ans-2","25":"first","26":"instock","27":"taxable","28":"shipping-taxable","29":"purchasable","30":"product-type-variable"},"_links":{"self":[{"href":"https:\/\/trendkidsalgerie.com\/index.php\/wp-json\/wp\/v2\/product\/8664","targetHints":{"allow":["GET"]}}],"collection":[{"href":"https:\/\/trendkidsalgerie.com\/index.php\/wp-json\/wp\/v2\/product"}],"about":[{"href":"https:\/\/trendkidsalgerie.com\/index.php\/wp-json\/wp\/v2\/types\/product"}],"replies":[{"embeddable":true,"href":"https:\/\/trendkidsalgerie.com\/index.php\/wp-json\/wp\/v2\/comments?post=8664"}],"version-history":[{"count":1,"href":"https:\/\/trendkidsalgerie.com\/index.php\/wp-json\/wp\/v2\/product\/8664\/revisions"}],"predecessor-version":[{"id":8680,"href":"https:\/\/trendkidsalgerie.com\/index.php\/wp-json\/wp\/v2\/product\/8664\/revisions\/8680"}],"wp:featuredmedia":[{"embeddable":true,"href":"https:\/\/trendkidsalgerie.com\/index.php\/wp-json\/wp\/v2\/media\/8673"}],"wp:attachment":[{"href":"https:\/\/trendkidsalgerie.com\/index.php\/wp-json\/wp\/v2\/media?parent=8664"}],"wp:term":[{"taxonomy":"product_brand","embeddable":true,"href":"https:\/\/trendkidsalgerie.com\/index.php\/wp-json\/wp\/v2\/product_brand?post=8664"},{"taxonomy":"product_cat","embeddable":true,"href":"https:\/\/trendkidsalgerie.com\/index.php\/wp-json\/wp\/v2\/product_cat?post=8664"},{"taxonomy":"product_tag","embeddable":true,"href":"https:\/\/trendkidsalgerie.com\/index.php\/wp-json\/wp\/v2\/product_tag?post=8664"}],"curies":[{"name":"wp","href":"https:\/\/api.w.org\/{rel}","templated":true}]}}