{"id":8265,"date":"2026-01-07T02:59:05","date_gmt":"2026-01-07T01:59:05","guid":{"rendered":"https:\/\/trendkidsalgerie.com\/?post_type=product&#038;p=8265"},"modified":"2026-01-21T00:03:35","modified_gmt":"2026-01-20T23:03:35","slug":"robe-bebe-fille-17","status":"publish","type":"product","link":"https:\/\/trendkidsalgerie.com\/index.php\/produit\/robe-bebe-fille-17\/","title":{"rendered":"Robe b\u00e9b\u00e9 fille"},"content":{"rendered":"<p>Sublime robe b\u00e9b\u00e9 \u00e0 motifs floraux<\/p>\n","protected":false},"excerpt":{"rendered":"<p>Cette robe se distingue par sa teinte rose doux, \u00e9l\u00e9gante et raffin\u00e9e. cette robe est accompagn\u00e9e d\u2019un serre-t\u00eate avec n\u0153ud assorti, les manches longues l\u00e9g\u00e8rement bouffantes et les finitions soign\u00e9es t\u00e9moignent d\u2019un savoir-faire d\u00e9licat, id\u00e9al pour une allure distingu\u00e9e et moderne. Parfaite pour : c\u00e9r\u00e9monies, f\u00eates, occasions sp\u00e9ciales ou looks \u00e9l\u00e9gants du quotidien.<\/p>\n","protected":false},"featured_media":8255,"comment_status":"open","ping_status":"closed","template":"","meta":[],"product_brand":[],"product_cat":[53,82,76,55,213,309,297,250],"product_tag":[],"class_list":{"0":"post-8265","1":"product","2":"type-product","3":"status-publish","4":"has-post-thumbnail","6":"product_cat-bebe-fr","7":"product_cat-robe-fr","8":"product_cat-vetements-fr","9":"product_cat-vetements-bebe-fillette-fr","10":"product_cat-213","11":"product_cat-309","12":"product_cat-297","13":"product_cat-250","14":"pa_couleur-blanc-fr","15":"pa_taille-18-mois","17":"first","18":"instock","19":"taxable","20":"shipping-taxable","21":"purchasable","22":"product-type-variable"},"_links":{"self":[{"href":"https:\/\/trendkidsalgerie.com\/index.php\/wp-json\/wp\/v2\/product\/8265","targetHints":{"allow":["GET"]}}],"collection":[{"href":"https:\/\/trendkidsalgerie.com\/index.php\/wp-json\/wp\/v2\/product"}],"about":[{"href":"https:\/\/trendkidsalgerie.com\/index.php\/wp-json\/wp\/v2\/types\/product"}],"replies":[{"embeddable":true,"href":"https:\/\/trendkidsalgerie.com\/index.php\/wp-json\/wp\/v2\/comments?post=8265"}],"version-history":[{"count":2,"href":"https:\/\/trendkidsalgerie.com\/index.php\/wp-json\/wp\/v2\/product\/8265\/revisions"}],"predecessor-version":[{"id":8753,"href":"https:\/\/trendkidsalgerie.com\/index.php\/wp-json\/wp\/v2\/product\/8265\/revisions\/8753"}],"wp:featuredmedia":[{"embeddable":true,"href":"https:\/\/trendkidsalgerie.com\/index.php\/wp-json\/wp\/v2\/media\/8255"}],"wp:attachment":[{"href":"https:\/\/trendkidsalgerie.com\/index.php\/wp-json\/wp\/v2\/media?parent=8265"}],"wp:term":[{"taxonomy":"product_brand","embeddable":true,"href":"https:\/\/trendkidsalgerie.com\/index.php\/wp-json\/wp\/v2\/product_brand?post=8265"},{"taxonomy":"product_cat","embeddable":true,"href":"https:\/\/trendkidsalgerie.com\/index.php\/wp-json\/wp\/v2\/product_cat?post=8265"},{"taxonomy":"product_tag","embeddable":true,"href":"https:\/\/trendkidsalgerie.com\/index.php\/wp-json\/wp\/v2\/product_tag?post=8265"}],"curies":[{"name":"wp","href":"https:\/\/api.w.org\/{rel}","templated":true}]}}