{"id":7449,"date":"2025-02-17T16:00:06","date_gmt":"2025-02-17T15:00:06","guid":{"rendered":"https:\/\/trendkidsalgerie.com\/index.php\/produit\/ensemble-garcon-3-pieces-5\/"},"modified":"2026-01-26T00:08:04","modified_gmt":"2026-01-25T23:08:04","slug":"ensemble-garcon-3-pieces-5","status":"publish","type":"product","link":"https:\/\/trendkidsalgerie.com\/index.php\/produit\/ensemble-garcon-3-pieces-5\/","title":{"rendered":"Ensemble enfant gar\u00e7on"},"content":{"rendered":"<p>Ensemble enfant gar\u00e7on<\/p>\n<p>\u00c9l\u00e9gance intemporelle<\/p>\n<p>Un look chic et raffin\u00e9 avec un pull col V, port\u00e9 sur une chemise raffin\u00e9e, associ\u00e9 \u00e0 un pantalon habill\u00e9. des mati\u00e8res douces et une coupe soign\u00e9e pour un style \u00e9l\u00e9gant en toute occasion.<\/p>\n","protected":false},"excerpt":{"rendered":"<p>Craquez pour cet ensemble gar\u00e7on compos\u00e9 d&rsquo;une chemise aux manches longues avec un col classique, up pull en col V et un pantalon \u00e0 petits carreaux. Confort, style et modernit\u00e9 r\u00e9unis dans un seule ensemble, parfait pour un look casual qui ne passe pas inaper\u00e7u.<\/p>\n<p>&nbsp;<\/p>\n","protected":false},"featured_media":8639,"comment_status":"open","ping_status":"closed","template":"","meta":[],"product_brand":[],"product_cat":[56,57,78,60,76],"product_tag":[],"class_list":{"0":"post-7449","1":"product","2":"type-product","3":"status-publish","4":"has-post-thumbnail","6":"product_cat-enfant-fr","7":"product_cat-vetements-enfant-garcon-fr","8":"product_cat-ensemble-fr","9":"product_cat-ensemble-enfant-garcon-fr","10":"product_cat-vetements-fr","11":"pa_couleur-bleu","12":"pa_couleur-marron","13":"pa_taille-02-ans","14":"pa_taille-03-ans","15":"pa_taille-04-ans","16":"pa_taille-05-ans","17":"pa_taille-06-ans","18":"pa_taille-07-ans","19":"pa_taille-08-ans-2","20":"pa_taille-09-ans-2","21":"pa_taille-10-ans-2","23":"first","24":"instock","25":"taxable","26":"shipping-taxable","27":"purchasable","28":"product-type-variable"},"_links":{"self":[{"href":"https:\/\/trendkidsalgerie.com\/index.php\/wp-json\/wp\/v2\/product\/7449","targetHints":{"allow":["GET"]}}],"collection":[{"href":"https:\/\/trendkidsalgerie.com\/index.php\/wp-json\/wp\/v2\/product"}],"about":[{"href":"https:\/\/trendkidsalgerie.com\/index.php\/wp-json\/wp\/v2\/types\/product"}],"replies":[{"embeddable":true,"href":"https:\/\/trendkidsalgerie.com\/index.php\/wp-json\/wp\/v2\/comments?post=7449"}],"version-history":[{"count":4,"href":"https:\/\/trendkidsalgerie.com\/index.php\/wp-json\/wp\/v2\/product\/7449\/revisions"}],"predecessor-version":[{"id":8641,"href":"https:\/\/trendkidsalgerie.com\/index.php\/wp-json\/wp\/v2\/product\/7449\/revisions\/8641"}],"wp:featuredmedia":[{"embeddable":true,"href":"https:\/\/trendkidsalgerie.com\/index.php\/wp-json\/wp\/v2\/media\/8639"}],"wp:attachment":[{"href":"https:\/\/trendkidsalgerie.com\/index.php\/wp-json\/wp\/v2\/media?parent=7449"}],"wp:term":[{"taxonomy":"product_brand","embeddable":true,"href":"https:\/\/trendkidsalgerie.com\/index.php\/wp-json\/wp\/v2\/product_brand?post=7449"},{"taxonomy":"product_cat","embeddable":true,"href":"https:\/\/trendkidsalgerie.com\/index.php\/wp-json\/wp\/v2\/product_cat?post=7449"},{"taxonomy":"product_tag","embeddable":true,"href":"https:\/\/trendkidsalgerie.com\/index.php\/wp-json\/wp\/v2\/product_tag?post=7449"}],"curies":[{"name":"wp","href":"https:\/\/api.w.org\/{rel}","templated":true}]}}