{"id":4585,"date":"2025-02-07T23:54:03","date_gmt":"2025-02-07T22:54:03","guid":{"rendered":"https:\/\/trendkidsalgerie.com\/v2\/index.php\/produit\/chemise-enfant-garcon-5\/"},"modified":"2025-02-11T23:35:27","modified_gmt":"2025-02-11T22:35:27","slug":"chemise-enfant-garcon-5","status":"publish","type":"product","link":"https:\/\/trendkidsalgerie.com\/index.php\/produit\/chemise-enfant-garcon-5\/","title":{"rendered":"Chemise enfant gar\u00e7on"},"content":{"rendered":"<p>Chemise enfant gar\u00e7on \u00e0 manches longues blanche 100% cotton<\/p>\n","protected":false},"excerpt":{"rendered":"<p>Chemise enfant gar\u00e7on \u00e0 manches longues blanche 100% cotton<\/p>\n","protected":false},"featured_media":4584,"comment_status":"open","ping_status":"closed","template":"","meta":[],"product_brand":[],"product_cat":[80,62,56,57],"product_tag":[],"class_list":{"0":"post-4585","1":"product","2":"type-product","3":"status-publish","4":"has-post-thumbnail","6":"product_cat-chemisier-fr","7":"product_cat-chemisier-enfant-garcon-fr","8":"product_cat-enfant-fr","9":"product_cat-vetements-enfant-garcon-fr","10":"pa_couleur-blanc","11":"pa_taille-01-ans","12":"pa_taille-04-ans","14":"first","15":"instock","16":"taxable","17":"shipping-taxable","18":"purchasable","19":"product-type-variable"},"_links":{"self":[{"href":"https:\/\/trendkidsalgerie.com\/index.php\/wp-json\/wp\/v2\/product\/4585","targetHints":{"allow":["GET"]}}],"collection":[{"href":"https:\/\/trendkidsalgerie.com\/index.php\/wp-json\/wp\/v2\/product"}],"about":[{"href":"https:\/\/trendkidsalgerie.com\/index.php\/wp-json\/wp\/v2\/types\/product"}],"replies":[{"embeddable":true,"href":"https:\/\/trendkidsalgerie.com\/index.php\/wp-json\/wp\/v2\/comments?post=4585"}],"version-history":[{"count":1,"href":"https:\/\/trendkidsalgerie.com\/index.php\/wp-json\/wp\/v2\/product\/4585\/revisions"}],"predecessor-version":[{"id":4615,"href":"https:\/\/trendkidsalgerie.com\/index.php\/wp-json\/wp\/v2\/product\/4585\/revisions\/4615"}],"wp:featuredmedia":[{"embeddable":true,"href":"https:\/\/trendkidsalgerie.com\/index.php\/wp-json\/wp\/v2\/media\/4584"}],"wp:attachment":[{"href":"https:\/\/trendkidsalgerie.com\/index.php\/wp-json\/wp\/v2\/media?parent=4585"}],"wp:term":[{"taxonomy":"product_brand","embeddable":true,"href":"https:\/\/trendkidsalgerie.com\/index.php\/wp-json\/wp\/v2\/product_brand?post=4585"},{"taxonomy":"product_cat","embeddable":true,"href":"https:\/\/trendkidsalgerie.com\/index.php\/wp-json\/wp\/v2\/product_cat?post=4585"},{"taxonomy":"product_tag","embeddable":true,"href":"https:\/\/trendkidsalgerie.com\/index.php\/wp-json\/wp\/v2\/product_tag?post=4585"}],"curies":[{"name":"wp","href":"https:\/\/api.w.org\/{rel}","templated":true}]}}