{"id":4554,"date":"2025-02-07T23:53:33","date_gmt":"2025-02-07T22:53:33","guid":{"rendered":"https:\/\/trendkidsalgerie.com\/v2\/index.php\/produit\/pull-enfant-garcon-2\/"},"modified":"2026-01-19T22:16:44","modified_gmt":"2026-01-19T21:16:44","slug":"pull-enfant-garcon-2","status":"publish","type":"product","link":"https:\/\/trendkidsalgerie.com\/index.php\/produit\/pull-enfant-garcon-2\/","title":{"rendered":"Pull enfant gar\u00e7on"},"content":{"rendered":"<p>Pull enfant gar\u00e7on bleu tissu 95% coton et 05% \u00e9lasthanne<\/p>\n","protected":false},"excerpt":{"rendered":"<p>Pull bleu a demi-manches, orn\u00e9 d&rsquo;un magnifique motif inspir\u00e9 de la plage pour un look \u00e0 la fois d\u00e9contract\u00e9 et rafra\u00eechissant. parfait pour les journ\u00e9es ensoleill\u00e9es et les escapades en bord de mer.<\/p>\n","protected":false},"featured_media":4553,"comment_status":"open","ping_status":"closed","template":"","meta":[],"product_brand":[],"product_cat":[56,57,634,61],"product_tag":[],"class_list":{"0":"post-4554","1":"product","2":"type-product","3":"status-publish","4":"has-post-thumbnail","6":"product_cat-enfant-fr","7":"product_cat-vetements-enfant-garcon-fr","8":"product_cat-pull-fr-vetements-fr-39","9":"product_cat-pull-enfant-garcon-fr","10":"pa_couleur-bleu","11":"pa_taille-04-ans","12":"pa_taille-07-ans","14":"first","15":"instock","16":"taxable","17":"shipping-taxable","18":"purchasable","19":"product-type-variable"},"_links":{"self":[{"href":"https:\/\/trendkidsalgerie.com\/index.php\/wp-json\/wp\/v2\/product\/4554","targetHints":{"allow":["GET"]}}],"collection":[{"href":"https:\/\/trendkidsalgerie.com\/index.php\/wp-json\/wp\/v2\/product"}],"about":[{"href":"https:\/\/trendkidsalgerie.com\/index.php\/wp-json\/wp\/v2\/types\/product"}],"replies":[{"embeddable":true,"href":"https:\/\/trendkidsalgerie.com\/index.php\/wp-json\/wp\/v2\/comments?post=4554"}],"version-history":[{"count":3,"href":"https:\/\/trendkidsalgerie.com\/index.php\/wp-json\/wp\/v2\/product\/4554\/revisions"}],"predecessor-version":[{"id":8655,"href":"https:\/\/trendkidsalgerie.com\/index.php\/wp-json\/wp\/v2\/product\/4554\/revisions\/8655"}],"wp:featuredmedia":[{"embeddable":true,"href":"https:\/\/trendkidsalgerie.com\/index.php\/wp-json\/wp\/v2\/media\/4553"}],"wp:attachment":[{"href":"https:\/\/trendkidsalgerie.com\/index.php\/wp-json\/wp\/v2\/media?parent=4554"}],"wp:term":[{"taxonomy":"product_brand","embeddable":true,"href":"https:\/\/trendkidsalgerie.com\/index.php\/wp-json\/wp\/v2\/product_brand?post=4554"},{"taxonomy":"product_cat","embeddable":true,"href":"https:\/\/trendkidsalgerie.com\/index.php\/wp-json\/wp\/v2\/product_cat?post=4554"},{"taxonomy":"product_tag","embeddable":true,"href":"https:\/\/trendkidsalgerie.com\/index.php\/wp-json\/wp\/v2\/product_tag?post=4554"}],"curies":[{"name":"wp","href":"https:\/\/api.w.org\/{rel}","templated":true}]}}