{"id":4533,"date":"2025-02-07T23:53:14","date_gmt":"2025-02-07T22:53:14","guid":{"rendered":"https:\/\/trendkidsalgerie.com\/v2\/index.php\/produit\/chemise-enfant-garcon-4\/"},"modified":"2025-02-11T23:50:50","modified_gmt":"2025-02-11T22:50:50","slug":"chemise-enfant-garcon-4","status":"publish","type":"product","link":"https:\/\/trendkidsalgerie.com\/index.php\/produit\/chemise-enfant-garcon-4\/","title":{"rendered":"Chemise enfant gar\u00e7on"},"content":{"rendered":"<p>Chemise enfant gar\u00e7ont demi manches \u00e0 rayure verte 84% viscose et 16% linen<\/p>\n","protected":false},"excerpt":{"rendered":"<p>Chemise enfant gar\u00e7ont demi manches \u00e0 rayure verte 84% viscose et 16% linen<\/p>\n","protected":false},"featured_media":4532,"comment_status":"open","ping_status":"closed","template":"","meta":[],"product_brand":[],"product_cat":[80,62,56,57],"product_tag":[],"class_list":{"0":"post-4533","1":"product","2":"type-product","3":"status-publish","4":"has-post-thumbnail","6":"product_cat-chemisier-fr","7":"product_cat-chemisier-enfant-garcon-fr","8":"product_cat-enfant-fr","9":"product_cat-vetements-enfant-garcon-fr","10":"pa_couleur-vert","11":"pa_taille-05-ans","12":"pa_taille-07-ans","13":"pa_taille-08-ans-2","15":"first","16":"instock","17":"taxable","18":"shipping-taxable","19":"purchasable","20":"product-type-variable"},"_links":{"self":[{"href":"https:\/\/trendkidsalgerie.com\/index.php\/wp-json\/wp\/v2\/product\/4533","targetHints":{"allow":["GET"]}}],"collection":[{"href":"https:\/\/trendkidsalgerie.com\/index.php\/wp-json\/wp\/v2\/product"}],"about":[{"href":"https:\/\/trendkidsalgerie.com\/index.php\/wp-json\/wp\/v2\/types\/product"}],"replies":[{"embeddable":true,"href":"https:\/\/trendkidsalgerie.com\/index.php\/wp-json\/wp\/v2\/comments?post=4533"}],"version-history":[{"count":1,"href":"https:\/\/trendkidsalgerie.com\/index.php\/wp-json\/wp\/v2\/product\/4533\/revisions"}],"predecessor-version":[{"id":4616,"href":"https:\/\/trendkidsalgerie.com\/index.php\/wp-json\/wp\/v2\/product\/4533\/revisions\/4616"}],"wp:featuredmedia":[{"embeddable":true,"href":"https:\/\/trendkidsalgerie.com\/index.php\/wp-json\/wp\/v2\/media\/4532"}],"wp:attachment":[{"href":"https:\/\/trendkidsalgerie.com\/index.php\/wp-json\/wp\/v2\/media?parent=4533"}],"wp:term":[{"taxonomy":"product_brand","embeddable":true,"href":"https:\/\/trendkidsalgerie.com\/index.php\/wp-json\/wp\/v2\/product_brand?post=4533"},{"taxonomy":"product_cat","embeddable":true,"href":"https:\/\/trendkidsalgerie.com\/index.php\/wp-json\/wp\/v2\/product_cat?post=4533"},{"taxonomy":"product_tag","embeddable":true,"href":"https:\/\/trendkidsalgerie.com\/index.php\/wp-json\/wp\/v2\/product_tag?post=4533"}],"curies":[{"name":"wp","href":"https:\/\/api.w.org\/{rel}","templated":true}]}}