{"id":4201,"date":"2025-02-07T09:48:33","date_gmt":"2025-02-07T08:48:33","guid":{"rendered":"https:\/\/trendkidsalgerie.com\/v2\/index.php\/produit\/ensemble-enfant-fille-03-pieces-7\/"},"modified":"2025-02-12T00:09:37","modified_gmt":"2025-02-11T23:09:37","slug":"ensemble-enfant-fille-03-pieces-7","status":"publish","type":"product","link":"https:\/\/trendkidsalgerie.com\/index.php\/produit\/ensemble-enfant-fille-03-pieces-7\/","title":{"rendered":"Ensemble enfant fille 03 pi\u00e9ces"},"content":{"rendered":"<p>Ensemble enfant fille de 03 pieces ( haut sans manches encolure amerivaine rayures marrons 100% cotton, veste beige \u00e9cru 100% tencel et short \u00e9cru tissu 58% coton, 36% polyster et 06% \u00e9lasthanne<\/p>\n","protected":false},"excerpt":{"rendered":"<p>Ensemble enfant fille de 03 pieces ( haut sans manches encolure amerivaine rayures marrons 100% cotton, veste beige \u00e9cru 100%<\/p>\n","protected":false},"featured_media":4200,"comment_status":"open","ping_status":"closed","template":"","meta":[],"product_brand":[],"product_cat":[56,58,78,65],"product_tag":[],"class_list":{"0":"post-4201","1":"product","2":"type-product","3":"status-publish","4":"has-post-thumbnail","6":"product_cat-enfant-fr","7":"product_cat-enfant-fillette-fr","8":"product_cat-ensemble-fr","9":"product_cat-ensemble-enfant-fillette-fr","10":"pa_couleur-beige","11":"pa_couleur-marron","12":"pa_taille-08-ans-2","13":"pa_taille-09ans","14":"pa_taille-10-ans-2","15":"pa_taille-11-ans","16":"pa_taille-12-ans","17":"pa_taille-13-ans","18":"pa_taille-14-ans","20":"first","21":"instock","22":"taxable","23":"shipping-taxable","24":"purchasable","25":"product-type-variable"},"_links":{"self":[{"href":"https:\/\/trendkidsalgerie.com\/index.php\/wp-json\/wp\/v2\/product\/4201","targetHints":{"allow":["GET"]}}],"collection":[{"href":"https:\/\/trendkidsalgerie.com\/index.php\/wp-json\/wp\/v2\/product"}],"about":[{"href":"https:\/\/trendkidsalgerie.com\/index.php\/wp-json\/wp\/v2\/types\/product"}],"replies":[{"embeddable":true,"href":"https:\/\/trendkidsalgerie.com\/index.php\/wp-json\/wp\/v2\/comments?post=4201"}],"version-history":[{"count":1,"href":"https:\/\/trendkidsalgerie.com\/index.php\/wp-json\/wp\/v2\/product\/4201\/revisions"}],"predecessor-version":[{"id":4329,"href":"https:\/\/trendkidsalgerie.com\/index.php\/wp-json\/wp\/v2\/product\/4201\/revisions\/4329"}],"wp:featuredmedia":[{"embeddable":true,"href":"https:\/\/trendkidsalgerie.com\/index.php\/wp-json\/wp\/v2\/media\/4200"}],"wp:attachment":[{"href":"https:\/\/trendkidsalgerie.com\/index.php\/wp-json\/wp\/v2\/media?parent=4201"}],"wp:term":[{"taxonomy":"product_brand","embeddable":true,"href":"https:\/\/trendkidsalgerie.com\/index.php\/wp-json\/wp\/v2\/product_brand?post=4201"},{"taxonomy":"product_cat","embeddable":true,"href":"https:\/\/trendkidsalgerie.com\/index.php\/wp-json\/wp\/v2\/product_cat?post=4201"},{"taxonomy":"product_tag","embeddable":true,"href":"https:\/\/trendkidsalgerie.com\/index.php\/wp-json\/wp\/v2\/product_tag?post=4201"}],"curies":[{"name":"wp","href":"https:\/\/api.w.org\/{rel}","templated":true}]}}