{"id":4185,"date":"2025-02-07T09:48:20","date_gmt":"2025-02-07T08:48:20","guid":{"rendered":"https:\/\/trendkidsalgerie.com\/v2\/index.php\/produit\/ensemble-enfant-fille-02-pieces-8\/"},"modified":"2026-01-19T23:50:24","modified_gmt":"2026-01-19T22:50:24","slug":"ensemble-enfant-fille-02-pieces-8","status":"publish","type":"product","link":"https:\/\/trendkidsalgerie.com\/index.php\/produit\/ensemble-enfant-fille-02-pieces-8\/","title":{"rendered":"Ensemble enfant fille"},"content":{"rendered":"<p>Ensemble enfant fille de 02 pi\u00e8ces SAMOURAI ( Veste chemise imprim\u00e9e bleu 100% coton et pantalon samourai en toile blanc tissu 98% coton et 2% \u00e9lasthanne<\/p>\n","protected":false},"excerpt":{"rendered":"<p>Succombez au charme de cet ensemble pour fille associant une veste l\u00e9g\u00e8re bleue orn\u00e9e de motifs inspir\u00e9s de la nature \u00e0 un pantalon blanc \u00e9l\u00e9gant \u00e0 la coupe \u00e9vas\u00e9e, pour un style \u00e0 la fois raffin\u00e9 et tendance.<\/p>\n","protected":false},"featured_media":4184,"comment_status":"open","ping_status":"closed","template":"","meta":[],"product_brand":[],"product_cat":[56,58,78,65],"product_tag":[],"class_list":{"0":"post-4185","1":"product","2":"type-product","3":"status-publish","4":"has-post-thumbnail","6":"product_cat-enfant-fr","7":"product_cat-enfant-fillette-fr","8":"product_cat-ensemble-fr","9":"product_cat-ensemble-enfant-fillette-fr","10":"pa_couleur-bleu-et-blanc","11":"pa_taille-13-ans","13":"first","14":"instock","15":"taxable","16":"shipping-taxable","17":"purchasable","18":"product-type-variable"},"_links":{"self":[{"href":"https:\/\/trendkidsalgerie.com\/index.php\/wp-json\/wp\/v2\/product\/4185","targetHints":{"allow":["GET"]}}],"collection":[{"href":"https:\/\/trendkidsalgerie.com\/index.php\/wp-json\/wp\/v2\/product"}],"about":[{"href":"https:\/\/trendkidsalgerie.com\/index.php\/wp-json\/wp\/v2\/types\/product"}],"replies":[{"embeddable":true,"href":"https:\/\/trendkidsalgerie.com\/index.php\/wp-json\/wp\/v2\/comments?post=4185"}],"version-history":[{"count":3,"href":"https:\/\/trendkidsalgerie.com\/index.php\/wp-json\/wp\/v2\/product\/4185\/revisions"}],"predecessor-version":[{"id":8710,"href":"https:\/\/trendkidsalgerie.com\/index.php\/wp-json\/wp\/v2\/product\/4185\/revisions\/8710"}],"wp:featuredmedia":[{"embeddable":true,"href":"https:\/\/trendkidsalgerie.com\/index.php\/wp-json\/wp\/v2\/media\/4184"}],"wp:attachment":[{"href":"https:\/\/trendkidsalgerie.com\/index.php\/wp-json\/wp\/v2\/media?parent=4185"}],"wp:term":[{"taxonomy":"product_brand","embeddable":true,"href":"https:\/\/trendkidsalgerie.com\/index.php\/wp-json\/wp\/v2\/product_brand?post=4185"},{"taxonomy":"product_cat","embeddable":true,"href":"https:\/\/trendkidsalgerie.com\/index.php\/wp-json\/wp\/v2\/product_cat?post=4185"},{"taxonomy":"product_tag","embeddable":true,"href":"https:\/\/trendkidsalgerie.com\/index.php\/wp-json\/wp\/v2\/product_tag?post=4185"}],"curies":[{"name":"wp","href":"https:\/\/api.w.org\/{rel}","templated":true}]}}