{"id":2976,"date":"2025-02-05T22:36:14","date_gmt":"2025-02-05T21:36:14","guid":{"rendered":"http:\/\/localhost\/2025\/tchi\/wp\/v2\/index.php\/produit\/ensemble-enfant-garcon-de-03-pieces-7\/"},"modified":"2025-12-27T14:10:36","modified_gmt":"2025-12-27T13:10:36","slug":"ensemble-enfant-garcon-de-03-pieces-7","status":"publish","type":"product","link":"https:\/\/trendkidsalgerie.com\/index.php\/produit\/ensemble-enfant-garcon-de-03-pieces-7\/","title":{"rendered":"Ensemble gar\u00e7on"},"content":{"rendered":"<p>Ensemble gar\u00e7on casual et tendance, compos\u00e9 d&rsquo;une veste zipp\u00e9e l\u00e9g\u00e8re bleu marine \u00e0 capuche, d&rsquo;un t-shirt imprim\u00e9 et d&rsquo;un pantalon cargo clair avec poches pratiques confortable et fonctionnel. look urbain facile \u00e0 porter con\u00e7u pour offrir libert\u00e9 de mouvement et confort au quotidien.<\/p>\n<p>Pull blanc demi manches 100% cotton, veste bleu impermiable et pantalon beige clair 95% cotton et 5% \u00e9lasthanne.<\/p>\n","protected":false},"excerpt":{"rendered":"<p>Ensemble gar\u00e7on tendance<\/p>\n<p>Veste l\u00e9g\u00e8re bleu marine, t-shirt imprim\u00e9 et pantalon cargo clair pour un look moderne et confortable. parfait pour l&rsquo;\u00e9cole et les sorties.<\/p>\n","protected":false},"featured_media":1763,"comment_status":"open","ping_status":"closed","template":"","meta":[],"product_brand":[140],"product_cat":[56,57,78,60,76],"product_tag":[],"class_list":{"0":"post-2976","1":"product","2":"type-product","3":"status-publish","4":"has-post-thumbnail","6":"product_brand-hamada-tex","7":"product_cat-enfant-fr","8":"product_cat-vetements-enfant-garcon-fr","9":"product_cat-ensemble-fr","10":"product_cat-ensemble-enfant-garcon-fr","11":"product_cat-vetements-fr","12":"pa_couleur-bleu-navy","13":"pa_taille-3-ans","14":"pa_taille-5-ans","15":"pa_taille-6-ans","17":"first","18":"instock","19":"taxable","20":"shipping-taxable","21":"purchasable","22":"product-type-variable"},"_links":{"self":[{"href":"https:\/\/trendkidsalgerie.com\/index.php\/wp-json\/wp\/v2\/product\/2976","targetHints":{"allow":["GET"]}}],"collection":[{"href":"https:\/\/trendkidsalgerie.com\/index.php\/wp-json\/wp\/v2\/product"}],"about":[{"href":"https:\/\/trendkidsalgerie.com\/index.php\/wp-json\/wp\/v2\/types\/product"}],"replies":[{"embeddable":true,"href":"https:\/\/trendkidsalgerie.com\/index.php\/wp-json\/wp\/v2\/comments?post=2976"}],"version-history":[{"count":3,"href":"https:\/\/trendkidsalgerie.com\/index.php\/wp-json\/wp\/v2\/product\/2976\/revisions"}],"predecessor-version":[{"id":8071,"href":"https:\/\/trendkidsalgerie.com\/index.php\/wp-json\/wp\/v2\/product\/2976\/revisions\/8071"}],"wp:featuredmedia":[{"embeddable":true,"href":"https:\/\/trendkidsalgerie.com\/index.php\/wp-json\/wp\/v2\/media\/1763"}],"wp:attachment":[{"href":"https:\/\/trendkidsalgerie.com\/index.php\/wp-json\/wp\/v2\/media?parent=2976"}],"wp:term":[{"taxonomy":"product_brand","embeddable":true,"href":"https:\/\/trendkidsalgerie.com\/index.php\/wp-json\/wp\/v2\/product_brand?post=2976"},{"taxonomy":"product_cat","embeddable":true,"href":"https:\/\/trendkidsalgerie.com\/index.php\/wp-json\/wp\/v2\/product_cat?post=2976"},{"taxonomy":"product_tag","embeddable":true,"href":"https:\/\/trendkidsalgerie.com\/index.php\/wp-json\/wp\/v2\/product_tag?post=2976"}],"curies":[{"name":"wp","href":"https:\/\/api.w.org\/{rel}","templated":true}]}}